 5, 23, 103
What are the prime factors of 4764?
2, 3, 397
What are the prime factors of 43859?
61, 719
List the prime factors of 48030.
2, 3, 5, 1601
List the prime factors of 1795.
5, 359
What are the prime factors of 148?
2, 37
List the prime factors of 18681.
3, 13, 479
What are the prime factors of 29601?
3, 11, 13, 23
List the prime factors of 155229.
3, 59, 877
What are the prime factors of 20786?
2, 19, 547
List the prime factors of 114567.
3, 38189
What are the prime factors of 777?
3, 7, 37
List the prime factors of 1274.
2, 7, 13
What are the prime factors of 2288?
2, 11, 13
What are the prime factors of 1893?
3, 631
What are the prime factors of 758?
2, 379
List the prime factors of 12893.
12893
What are the prime factors of 77618?
2, 197
List the prime factors of 723.
3, 241
What are the prime factors of 611?
13, 47
What are the prime factors of 3264?
2, 3, 17
What are the prime factors of 23452?
2, 11, 13, 41
List the prime factors of 5893.
71, 83
List the prime factors of 46654.
2, 23327
List the prime factors of 14925.
3, 5, 199
What are the prime factors of 29349?
3, 1087
What are the prime factors of 768?
2, 3
What are the prime factors of 23425?
5, 937
List the prime factors of 1639.
11, 149
What are the prime factors of 4231?
4231
List the prime factors of 3547.
3547
What are the prime factors of 1772?
2, 443
List the prime factors of 7.
7
What are the prime factors of 40737?
3, 37, 367
What are the prime factors of 3784?
2, 11, 43
What are the prime factors of 2718?
2, 3, 151
List the prime factors of 1286.
2, 643
What are the prime factors of 1537?
29, 53
List the prime factors of 1181.
1181
List the prime factors of 3368.
2, 421
List the prime factors of 6667.
59, 113
List the prime factors of 82749.
3, 27583
What are the prime factors of 111448?
2, 13931
What are the prime factors of 2184?
2, 3, 7, 13
List the prime factors of 1434.
2, 3, 239
List the prime factors of 3293.
37, 89
What are the prime factors of 54073?
23, 2351
List the prime factors of 2488.
2, 311
List the prime factors of 7102.
2, 53, 67
List the prime factors of 54439.
7, 11, 101
List the prime factors of 9668.
2, 2417
List the prime factors of 150149.
53, 2833
List the prime factors of 38286.
2, 3, 709
List the prime factors of 2130.
2, 3, 5, 71
What are the prime factors of 8431?
8431
What are the prime factors of 117784?
2, 14723
What are the prime factors of 218?
2, 109
What are the prime factors of 49979?
23, 41, 53
List the prime factors of 43831.
53, 827
What are the prime factors of 12717?
3, 157
What are the prime factors of 5711?
5711
What are the prime factors of 1072?
2, 67
List the prime factors of 9719.
9719
What are the prime factors of 3835?
5, 13, 59
What are the prime factors of 319?
11, 29
List the prime factors of 2259.
3, 251
List the prime factors of 16743.
3, 5581
What are the prime factors of 89061?
3, 7, 4241
What are the prime factors of 14396?
2, 59, 61
List the prime factors of 1747.
1747
What are the prime factors of 9159?
3, 43, 71
List the prime factors of 48826.
2, 24413
What are the prime factors of 5775?
3, 5, 7, 11
What are the prime factors of 9932?
2, 13, 191
List the prime factors of 9856.
2, 7, 11
What are the prime factors of 69386?
2, 34693
List the prime factors of 915.
3, 5, 61
What are the prime factors of 6670?
2, 5, 23, 29
List the prime factors of 3087.
3, 7
List the prime factors of 15232.
2, 7, 17
What are the prime factors of 1201?
1201
List the prime factors of 3230.
2, 5, 17, 19
What are the prime factors of 951?
3, 317
What are the prime factors of 136671?
3, 45557
What are the prime factors of 9085?
5, 23, 79
List the prime factors of 21200.
2, 5, 53
What are the prime factors of 2102?
2, 1051
List the prime factors of 801.
3, 89
What are the prime factors of 16897?
61, 277
List the prime factors of 15684.
2, 3, 1307
List the prime factors of 59855.
5, 11971
List the prime factors of 17036.
2, 4259
What are the prime factors of 155660?
2, 5, 43, 181
What are the prime factors of 116296?
2, 14537
What are the prime factors of 80783?
80783
What are the prime factors of 28066?
2, 14033
What are the prime factors of 79249?
19, 43, 97
What are the prime factors of 1763?
41, 43
List the prime factors of 13808.
2, 863
What are the prime factors of 31530?
2, 3, 5, 1051
What are the prime factors of 922?
2, 461
List the prime factors of 801.
3, 89
What are the prime factors of 31270?
2, 5, 53, 59
List the prime factors of 923.
13, 71
List the prime factors of 94.
2, 47
List the prime factors of 1724.
2, 431
What are the prime factors of 1061?
1061
List the prime factors of 106994.
2, 61, 877
What are the prime factors of 798?
2, 3, 7, 19
What are the prime factors of 7261?
53, 137
List the prime factors of 3615.
3, 5, 241
List the prime factors of 1470.
2, 3, 5, 7
What are the prime factors of 83080?
2, 5, 31, 67
What are the prime factors of 132204?
2, 3, 23, 479
List the prime factors of 1611.
3, 179
List the prime factors of 69.
3, 23
What are the prime factors of 22258?
2, 31, 359
List the prime factors of 42142.
2, 19, 1109
List the prime factors of 4655.
5, 7, 19
What are the prime factors of 61119?
3, 6791
List the prime factors of 86487.
3, 127, 227
What are the prime factors of 69636?
2, 3, 7, 829
What are the prime factors of 54?
2, 3
List the prime factors of 29841.
3, 7, 29
What are the prime factors of 999?
3, 37
List the prime factors of 22627.
11, 17
List the prime factors of 12743.
12743
List the prime factors of 12534.
2, 3, 2089
What are the prime factors of 1294?
2, 647
What are the prime factors of 52337?
199, 263
List the prime factors of 40848.
2, 3, 23, 37
List the prime factors of 2391.
3, 797
What are the prime factors of 259?
7, 37
What are the prime factors of 2270?
2, 5, 227
List the prime factors of 56796.
2, 3, 4733
What are the prime factors of 2680?
2, 5, 67
What are the prime factors of 6295?
5, 1259
List the prime factors of 2981.
11, 271
List the prime factors of 6767.
67, 101
What are the prime factors of 558?
2, 3, 31
List the prime factors of 1797.
3, 599
What are the prime factors of 35563?
11, 53, 61
What are the prime factors of 13445?
5, 2689
What are the prime factors of 1473?
3, 491
What are the prime factors of 618?
2, 3, 103
What are the prime factors of 1018?
2, 509
What are the prime factors of 1609?
1609
List the prime factors of 18298.
2, 7, 1307
What are the prime factors of 16707?
3, 5569
What are the prime factors of 28669?
28669
List the prime factors of 155.
5, 31
What are the prime factors of 640?
2, 5
What are the prime factors of 2897?
2897
List the prime factors of 23888.
2, 1493
List the prime factors of 4038.
2, 3, 673
What are the prime factors of 7316?
2, 31, 59
List the prime factors of 114623.
83, 1381
List the prime factors of 42099.
3, 14033
What are the prime factors of 4425?
3, 5, 59
List the prime factors of 8587.
31, 277
What are the prime factors of 351?
3, 13
List the prime factors of 767.
13, 59
List the prime factors of 978.
2, 3, 163
What are the prime factors of 1962?
2, 3, 109
List the prime factors of 22270.
2, 5, 17, 131
What are the prime factors of 177?
3, 59
What are the prime factors of 34529?
11, 43, 73
List the prime factors of 183.
3, 61
What are the prime factors of 887?
887
List the prime factors of 16463.
101, 163
List the prime factors of 16003.
13, 1231
List the prime factors of 2506.
2, 7, 179
What are the prime factors of 47349?
3, 5261
What are the prime factors of 5200?
2, 5, 13
List the prime factors of 4296.
2, 3, 179
What are the prime factors of 1563?
3, 521
List the prime factors of 13835.
5, 2767
List the prime factors of 405.
3, 5
List the prime factors of 17610.
2, 3, 5, 587
What are the prime factors of 25283?
131, 193
List the prime factors of 115893.
3, 79, 163
What are the prime factors of 1575?
3, 5, 7
List the prime factors of 21213.
3, 2357
What are the prime factors of 19838?
2, 7, 13, 109
What are the prime factors of 1664?
2, 13
What are the prime factors of 2611?
7, 373
What are the prime factors of 2561?
13, 197
What are the prime factors of 9537?
3, 11, 17
List the prime factors of 5311.
47, 113
What are the prime factors of 66?
2, 3, 11
What are the prime factors of 126203?
7, 11, 149
Li